6?
4
What is the units digit of 6826774660?
0
What is the millions digit of 559233102?
9
What is the hundreds digit of 6695663820?
8
What is the tens digit of 207699068?
6
What is the ten millions digit of 5627890795?
2
What is the ten millions digit of 179245878?
7
What is the ten millions digit of 122130695?
2
What is the billions digit of 2987628525?
2
What is the ten millions digit of 779204333?
7
What is the hundreds digit of 38047623?
6
What is the hundred thousands digit of 328253142?
2
What is the thousands digit of 55071716?
1
What is the units digit of 30765216?
6
What is the ten millions digit of 2776039594?
7
What is the hundred millions digit of 206062204?
2
What is the hundreds digit of 39625961?
9
What is the hundred thousands digit of 201932438?
9
What is the hundred thousands digit of 1243262552?
2
What is the tens digit of 956934369?
6
What is the ten millions digit of 1094272600?
9
What is the ten millions digit of 349732505?
4
What is the thousands digit of 46391925?
1
What is the millions digit of 168136918?
8
What is the thousands digit of 19631389?
1
What is the units digit of 239702078?
8
What is the millions digit of 773592807?
3
What is the hundred millions digit of 1821648622?
8
What is the ten millions digit of 127321508?
2
What is the hundred thousands digit of 603749215?
7
What is the thousands digit of 159610025?
0
What is the hundreds digit of 11916711?
7
What is the units digit of 133449526?
6
What is the ten thousands digit of 1205364179?
6
What is the units digit of 6138691629?
9
What is the tens digit of 71583259?
5
What is the units digit of 675031506?
6
What is the units digit of 850610?
0
What is the hundreds digit of 1927854482?
4
What is the ten millions digit of 14629709?
1
What is the hundred thousands digit of 535586846?
5
What is the billions digit of 3961524840?
3
What is the thousands digit of 513264370?
4
What is the units digit of 120035348?
8
What is the millions digit of 547458271?
7
What is the tens digit of 1962425589?
8
What is the tens digit of 600439353?
5
What is the tens digit of 33577644?
4
What is the hundreds digit of 739881702?
7
What is the millions digit of 2742176311?
2
What is the ten thousands digit of 7397878730?
7
What is the tens digit of 85132604?
0
What is the thousands digit of 30972365?
2
What is the thousands digit of 111929578?
9
What is the hundred thousands digit of 4017429564?
4
What is the units digit of 25223214?
4
What is the ten millions digit of 2202488121?
0
What is the ten millions digit of 169290933?
6
What is the ten thousands digit of 496801613?
0
What is the billions digit of 1125818159?
1
What is the hundreds digit of 177682504?
5
What is the ten thousands digit of 6411998?
1
What is the billions digit of 1066834754?
1
What is the ten millions digit of 3817503920?
1
What is the units digit of 15672951?
1
What is the hundreds digit of 705633139?
1
What is the millions digit of 6856981061?
6
What is the hundred thousands digit of 12843788?
8
What is the billions digit of 6665496470?
6
What is the hundreds digit of 109037951?
9
What is the hundred millions digit of 1004158956?
0
What is the units digit of 323130224?
4
What is the millions digit of 2106250884?
6
What is the millions digit of 43481960?
3
What is the hundreds digit of 47272941?
9
What is the millions digit of 53106729?
3
What is the hundreds digit of 887310212?
2
What is the thousands digit of 1778371919?
1
What is the ten millions digit of 156262795?
5
What is the units digit of 881508006?
6
What is the thousands digit of 307567203?
7
What is the hundred thousands digit of 289026437?
0
What is the hundred thousands digit of 5825341?
8
What is the hundred thousands digit of 154972968?
9
What is the hundred thousands digit of 54152976?
1
What is the thousands digit of 494035671?
5
What is the hundreds digit of 93751695?
6
What is the ten thousands digit of 703098643?
9
What is the ten thousands digit of 137005511?
0
What is the thousands digit of 1216844677?
4
What is the ten millions digit of 271584116?
7
What is the tens digit of 65830934?
3
What is the millions digit of 66643292?
6
What is the units digit of 7034707?
7
What is the hundred thousands digit of 3912881349?
8
What is the millions digit of 126991782?
6
What is the millions digit of 99177198?
9
What is the hundreds digit of 159875468?
4
What is the tens digit of 2031955?
5
What is the hundred millions digit of 423728613?
4
What is the thousands digit of 25954332?
4
What is the tens digit of 3574813?
1
What is the hundred thousands digit of 1940483327?
4
What is the ten thousands digit of 1425275061?
7
What is the thousands digit of 2566337195?
7
What is the hundred thousands digit of 5616079854?
0
What is the ten thousands digit of 17362502?
6
What is the units digit of 41326733?
3
What is the hundred thousands digit of 859327641?
3
What is the hundreds digit of 1974367127?
1
What is the thousands digit of 28387048?
7
What is the thousands digit of 51303441?
3
What is the ten millions digit of 467553437?
6
What is the thousands digit of 157557843?
7
What is the thousands digit of 986465404?
5
What is the tens digit of 2007434340?
4
What is the hundred thousands digit of 5719452048?
4
What is the hundreds digit of 1058811812?
8
What is the billions digit of 1173396067?
1
What is the units digit of 49665511?
1
What is the thousands digit of 1525572104?
2
What is the tens digit of 567295831?
3
What is the units digit of 1255950582?
2
What is the tens digit of 652678097?
9
What is the tens digit of 622844365?
6
What is the ten thousands digit of 436367602?
6
What is the ten millions digit of 684556003?
8
What is the thousands digit of 488865333?
5
What is the ten thousands digit of 667988951?
8
What is the ten thousands digit of 50635752?
3
What is the millions digit of 3460143?
3
What is the ten millions digit of 1237732341?
3
What is the hundreds digit of 3225721321?
3
What is the units digit of 12607568?
8
What is the hundred thousands digit of 43573492?
5
What is the hundred millions digit of 168765035?
1
What is the tens digit of 3475726686?
8
What is the tens digit of 1144202597?
9
What is the tens digit of 13910181?
8
What is the ten millions digit of 331659060?
3
What is the hundreds digit of 254231929?
9
What is the ten thousands digit of 11147956?
4
What is the ten millions digit of 689923081?
8
What is the hundreds digit of 126832822?
8
What is the millions digit of 41639345?
1
What is the billions digit of 4436982709?
4
What is the hundred millions digit of 3578418347?
5
What is the ten millions digit of 7973381486?
7
What is the tens digit of 77442035?
3
What is the millions digit of 3206509?
3
What is the ten millions digit of 1398063559?
9
What is the hundred thousands digit of 1012166122?
1
What is the ten millions digit of 17519015?
1
What is the ten thousands digit of 3519550076?
5
What is the hundred thousands digit of 148544405?
5
What is the units digit of 55086321?
1
What is the tens digit of 230640358?
5
What is the ten millions digit of 1445880298?
4
What is the tens digit of 104623024?
2
What is the thousands digit of 650605357?
5
What is the tens digit of 31397473?
7
What is the tens digit of 366102865?
6
What is the ten thousands digit of 3636267743?
6
What is the ten thousands digit of 594408663?
0
What is the hundreds digit of 77319883?
8
What is the millions digit of 544343101?
4
What is the hundred thousands digit of 178071188?
0
What is the millions digit of 194701443?
4
What is the millions digit of 562328363?
2
What is the ten millions digit of 504265727?
0
What is the hundred thousands digit of 164400228?
4
What is the hundred millions digit of 1116096755?
1
What is the hundred millions digit of 122305944?
1
What is the hundreds digit of 238097771?
7
What is the units digit of 44028211?
1
What is the hundred millions digit of 1135346576?
1
What is the ten thousands digit of 34484984?
8
What is the millions digit of 16469725?
6
What is the hundred thousands digit of 372952236?
9
What is the hundreds digit of 6024411?
4
What is the units digit of 2279835062?
2
What is the units digit of 1577161680?
0
What is the tens digit of 582601427?
2
What is the millions digit of 21084207?
1
What is the hundre